{"id":17950,"date":"2026-04-01T17:16:11","date_gmt":"2026-04-01T17:16:11","guid":{"rendered":"https:\/\/www.safewaycorfu.gr\/?page_id=17950"},"modified":"2026-04-01T19:10:16","modified_gmt":"2026-04-01T19:10:16","slug":"accommodation-transfers-de","status":"publish","type":"page","link":"https:\/\/www.safewaycorfu.gr\/index.php\/de\/accommodation-transfers-de\/","title":{"rendered":"Accommodation Transfers De"},"content":{"rendered":"\t\t<div data-elementor-type=\"wp-page\" data-elementor-id=\"17950\" class=\"elementor elementor-17950\">\n\t\t\t\t<div class=\"elementor-element elementor-element-7da278d elementor-hidden-tablet elementor-hidden-mobile e-flex e-con-boxed e-con e-parent\" data-id=\"7da278d\" data-element_type=\"container\" data-e-type=\"container\" data-settings=\"{&quot;background_background&quot;:&quot;classic&quot;}\">\n\t\t\t\t\t<div class=\"e-con-inner\">\n\t\t\t\t<div class=\"elementor-element elementor-element-c52e744 elementor-widget__width-initial elementor-widget elementor-widget-html\" data-id=\"c52e744\" data-element_type=\"widget\" data-e-type=\"widget\" data-settings=\"{&quot;htmega_fe&quot;:&quot;no&quot;}\" data-widget_type=\"html.default\">\n\t\t\t\t\t<style>\n  .simple-container {\n    width: 450px;\n    height: 750px; \/* \u03a1\u03cd\u03b8\u03bc\u03b9\u03c3\u03b5 \u03c4\u03bf \u03cd\u03c8\u03bf\u03c2 \u03c0\u03bf\u03c5 \u03b8\u03ad\u03bb\u03b5\u03b9\u03c2 \u03b5\u03b4\u03ce *\/\n    overflow: hidden;\n  }\n  \n  .simple-container iframe {\n    width: 100%;\n    height: 100%;\n    border: none;\n  }\n<\/style>\n\n<div class=\"simple-container\">\n  <iframe \n    src=\"https:\/\/transfer.iconicguest.com\/booking_engine\/#\/2b88396ef6\">\n  <\/iframe>\n<\/div>\t\t\t\t<\/div>\n\t\t\t\t\t<\/div>\n\t\t\t\t<\/div>\n\t\t<div class=\"elementor-element elementor-element-ffe1f18 elementor-hidden-desktop e-flex e-con-boxed e-con e-parent\" data-id=\"ffe1f18\" data-element_type=\"container\" data-e-type=\"container\">\n\t\t\t\t\t<div class=\"e-con-inner\">\n\t\t\t\t<div class=\"elementor-element elementor-element-c5daeff elementor-widget elementor-widget-image\" data-id=\"c5daeff\" data-element_type=\"widget\" data-e-type=\"widget\" data-settings=\"{&quot;htmega_fe&quot;:&quot;no&quot;}\" data-widget_type=\"image.default\">\n\t\t\t\t\t\t\t\t\t\t\t\t\t\t\t<img fetchpriority=\"high\" decoding=\"async\" width=\"800\" height=\"534\" src=\"https:\/\/www.safewaycorfu.gr\/wp-content\/uploads\/2026\/03\/Safe_Way_Accommodation-Transfers-1024x683.jpg\" class=\"attachment-large size-large wp-image-17751\" alt=\"\" srcset=\"https:\/\/www.safewaycorfu.gr\/wp-content\/uploads\/2026\/03\/Safe_Way_Accommodation-Transfers-1024x683.jpg 1024w, https:\/\/www.safewaycorfu.gr\/wp-content\/uploads\/2026\/03\/Safe_Way_Accommodation-Transfers-300x200.jpg 300w, https:\/\/www.safewaycorfu.gr\/wp-content\/uploads\/2026\/03\/Safe_Way_Accommodation-Transfers-768x512.jpg 768w, https:\/\/www.safewaycorfu.gr\/wp-content\/uploads\/2026\/03\/Safe_Way_Accommodation-Transfers-18x12.jpg 18w, https:\/\/www.safewaycorfu.gr\/wp-content\/uploads\/2026\/03\/Safe_Way_Accommodation-Transfers-460x306.jpg 460w, https:\/\/www.safewaycorfu.gr\/wp-content\/uploads\/2026\/03\/Safe_Way_Accommodation-Transfers.jpg 1536w\" sizes=\"(max-width: 800px) 100vw, 800px\" \/>\t\t\t\t\t\t\t\t\t\t\t\t\t\t\t<\/div>\n\t\t\t\t<div class=\"elementor-element elementor-element-17706fb elementor-hidden-desktop elementor-widget elementor-widget-html\" data-id=\"17706fb\" data-element_type=\"widget\" data-e-type=\"widget\" data-settings=\"{&quot;htmega_fe&quot;:&quot;no&quot;}\" data-widget_type=\"html.default\">\n\t\t\t\t\t<style>\n  .simple-container {\n    width: 100%;\n    height: 750px; \/* \u03a1\u03cd\u03b8\u03bc\u03b9\u03c3\u03b5 \u03c4\u03bf \u03cd\u03c8\u03bf\u03c2 \u03c0\u03bf\u03c5 \u03b8\u03ad\u03bb\u03b5\u03b9\u03c2 \u03b5\u03b4\u03ce *\/\n    overflow: hidden;\n  }\n  \n  .simple-container iframe {\n    width: 100%;\n    height: 100%;\n    border: none;\n  }\n<\/style>\n\n<div class=\"simple-container\">\n  <iframe \n    src=\"https:\/\/transfer.iconicguest.com\/booking_engine\/#\/2b88396ef6\">\n  <\/iframe>\n<\/div>\t\t\t\t<\/div>\n\t\t\t\t\t<\/div>\n\t\t\t\t<\/div>\n\t\t<div class=\"elementor-element elementor-element-f8e6d21 e-flex e-con-boxed e-con e-parent\" data-id=\"f8e6d21\" data-element_type=\"container\" data-e-type=\"container\">\n\t\t\t\t\t<div class=\"e-con-inner\">\n\t\t\t\t<div class=\"elementor-element elementor-element-46829e8 elementor-widget elementor-widget-heading\" data-id=\"46829e8\" data-element_type=\"widget\" data-e-type=\"widget\" data-settings=\"{&quot;htmega_fe&quot;:&quot;no&quot;}\" data-widget_type=\"heading.default\">\n\t\t\t\t\t<h2 class=\"elementor-heading-title elementor-size-default\">Ma\u00dfgeschneiderter T\u00fcr-zu-T\u00fcr-Transfer f\u00fcr Hotels und Privatvillen<\/h2>\t\t\t\t<\/div>\n\t\t\t\t<div class=\"elementor-element elementor-element-a658326 elementor-widget elementor-widget-text-editor\" data-id=\"a658326\" data-element_type=\"widget\" data-e-type=\"widget\" data-settings=\"{&quot;htmega_fe&quot;:&quot;no&quot;}\" data-widget_type=\"text-editor.default\">\n\t\t\t\t\t\t\t\t\t<p data-path-to-node=\"4\">Safe Way bietet Ihnen exklusive Mobilit\u00e4tsl\u00f6sungen, die Sie direkt von Ihrem Ankunftsort zu Ihrer Unterkunft bringen \u2013 sei es ein Luxushotel oder eine abgelegene Privatvilla. Genie\u00dfen Sie den Komfort, direkt vor die Haust\u00fcr gefahren zu werden, ohne Umwege oder unn\u00f6tige Wartezeiten.<\/p><ul data-path-to-node=\"5\"><li><p data-path-to-node=\"5,0,0\"><b data-path-to-node=\"5,0,0\" data-index-in-node=\"0\">Nahtlose Anbindung:<\/b> Wir garantieren eine stressfreie Fahrt direkt zu Ihrem Ziel, egal wie versteckt Ihre Unterkunft liegt.<\/p><\/li><li><p data-path-to-node=\"5,1,0\"><b data-path-to-node=\"5,1,0\" data-index-in-node=\"0\">Maximaler Komfort:<\/b> Kein m\u00fchsames Schleppen von Gep\u00e4ck \u2013 unser T\u00fcr-zu-T\u00fcr-Service sorgt f\u00fcr einen entspannten Start in den Urlaub.<\/p><\/li><li><p data-path-to-node=\"5,2,0\"><b data-path-to-node=\"5,2,0\" data-index-in-node=\"0\">Absolute Diskretion:<\/b> Ideal f\u00fcr G\u00e4ste von Privatvillen, die Wert auf Privatsph\u00e4re \u03ba\u03b1\u03b9 einen exklusiven Fahrdienst legen.<\/p><\/li><\/ul>\t\t\t\t\t\t\t\t<\/div>\n\t\t\t\t\t<\/div>\n\t\t\t\t<\/div>\n\t\t\t\t<\/div>\n\t\t","protected":false},"excerpt":{"rendered":"<p>Ma\u00dfgeschneiderter T\u00fcr-zu-T\u00fcr-Transfer f\u00fcr Hotels und Privatvillen Safe Way bietet Ihnen exklusive Mobilit\u00e4tsl\u00f6sungen, die Sie direkt von Ihrem Ankunftsort zu Ihrer Unterkunft bringen \u2013 sei es ein Luxushotel oder eine abgelegene Privatvilla. Genie\u00dfen Sie den Komfort, direkt vor die Haust\u00fcr gefahren zu werden, ohne Umwege oder unn\u00f6tige Wartezeiten. Nahtlose Anbindung: Wir garantieren eine stressfreie Fahrt direkt [&hellip;]<\/p>\n","protected":false},"author":1,"featured_media":0,"parent":0,"menu_order":0,"comment_status":"closed","ping_status":"closed","template":"","meta":{"footnotes":""},"class_list":["post-17950","page","type-page","status-publish","hentry"],"_links":{"self":[{"href":"https:\/\/www.safewaycorfu.gr\/index.php\/wp-json\/wp\/v2\/pages\/17950","targetHints":{"allow":["GET"]}}],"collection":[{"href":"https:\/\/www.safewaycorfu.gr\/index.php\/wp-json\/wp\/v2\/pages"}],"about":[{"href":"https:\/\/www.safewaycorfu.gr\/index.php\/wp-json\/wp\/v2\/types\/page"}],"author":[{"embeddable":true,"href":"https:\/\/www.safewaycorfu.gr\/index.php\/wp-json\/wp\/v2\/users\/1"}],"replies":[{"embeddable":true,"href":"https:\/\/www.safewaycorfu.gr\/index.php\/wp-json\/wp\/v2\/comments?post=17950"}],"version-history":[{"count":4,"href":"https:\/\/www.safewaycorfu.gr\/index.php\/wp-json\/wp\/v2\/pages\/17950\/revisions"}],"predecessor-version":[{"id":18016,"href":"https:\/\/www.safewaycorfu.gr\/index.php\/wp-json\/wp\/v2\/pages\/17950\/revisions\/18016"}],"wp:attachment":[{"href":"https:\/\/www.safewaycorfu.gr\/index.php\/wp-json\/wp\/v2\/media?parent=17950"}],"curies":[{"name":"wp","href":"https:\/\/api.w.org\/{rel}","templated":true}]}}